5
What is the tens digit of 623452?
5
What is the millions digit of 4280601?
4
What is the units digit of 381612?
2
What is the tens digit of 18132556?
5
What is the thousands digit of 1985868?
5
What is the ten thousands digit of 186798?
8
What is the units digit of 300850?
0
What is the units digit of 91361?
1
What is the thousands digit of 6629211?
9
What is the units digit of 761487?
7
What is the tens digit of 539983?
8
What is the hundreds digit of 249395?
3
What is the thousands digit of 2478?
2
What is the hundred thousands digit of 12645943?
6
What is the ten thousands digit of 2010234?
1
What is the hundred thousands digit of 428584?
4
What is the thousands digit of 2473383?
3
What is the ten thousands digit of 382742?
8
What is the hundreds digit of 262484?
4
What is the hundreds digit of 62937?
9
What is the ten millions digit of 10295243?
1
What is the ten thousands digit of 88074?
8
What is the tens digit of 280957?
5
What is the millions digit of 8539668?
8
What is the ten thousands digit of 535935?
3
What is the hundred thousands digit of 761583?
7
What is the hundreds digit of 21600420?
4
What is the ten thousands digit of 2480657?
8
What is the ten thousands digit of 6323907?
2
What is the thousands digit of 382909?
2
What is the tens digit of 1308471?
7
What is the ten thousands digit of 15526?
1
What is the hundred thousands digit of 15124227?
1
What is the units digit of 6367726?
6
What is the hundred thousands digit of 13921459?
9
What is the millions digit of 8516343?
8
What is the thousands digit of 9617954?
7
What is the hundreds digit of 1608934?
9
What is the millions digit of 2604546?
2
What is the tens digit of 6694434?
3
What is the hundreds digit of 67278?
2
What is the hundreds digit of 140708?
7
What is the hundred thousands digit of 36532680?
5
What is the thousands digit of 18477627?
7
What is the thousands digit of 81857?
1
What is the units digit of 195027?
7
What is the hundreds digit of 242328?
3
What is the hundred thousands digit of 686309?
6
What is the millions digit of 3010225?
3
What is the ten thousands digit of 601634?
0
What is the hundreds digit of 2227185?
1
What is the hundred thousands digit of 6847842?
8
What is the thousands digit of 19962?
9
What is the hundreds digit of 235955?
9
What is the tens digit of 28813857?
5
What is the ten thousands digit of 7291352?
9
What is the hundreds digit of 1492406?
4
What is the thousands digit of 3527290?
7
What is the units digit of 352020?
0
What is the hundreds digit of 206324?
3
What is the tens digit of 9739?
3
What is the hundred thousands digit of 355439?
3
What is the tens digit of 99948?
4
What is the millions digit of 20523530?
0
What is the hundred thousands digit of 120876?
1
What is the hundreds digit of 320207?
2
What is the tens digit of 737452?
5
What is the thousands digit of 932919?
2
What is the millions digit of 2656877?
2
What is the hundreds digit of 661283?
2
What is the ten thousands digit of 2207734?
0
What is the tens digit of 5940185?
8
What is the units digit of 4676694?
4
What is the ten millions digit of 16848793?
1
What is the ten thousands digit of 1586224?
8
What is the hundred thousands digit of 1198845?
1
What is the hundred thousands digit of 540260?
5
What is the ten millions digit of 13152833?
1
What is the tens digit of 276825?
2
What is the tens digit of 1536490?
9
What is the hundreds digit of 435927?
9
What is the thousands digit of 196601?
6
What is the ten thousands digit of 298844?
9
What is the hundred thousands digit of 335021?
3
What is the millions digit of 11377745?
1
What is the hundreds digit of 300419?
4
What is the ten thousands digit of 4317895?
1
What is the units digit of 3149517?
7
What is the tens digit of 702743?
4
What is the hundred thousands digit of 358672?
3
What is the units digit of 10879282?
2
What is the units digit of 1253883?
3
What is the tens digit of 90905?
0
What is the tens digit of 3732278?
7
What is the thousands digit of 646294?
6
What is the tens digit of 459532?
3
What is the units digit of 1541089?
9
What is the tens digit of 899218?
1
What is the tens digit of 23524466?
6
What is the hundreds digit of 3987919?
9
What is the ten millions digit of 15584974?
1
What is the tens digit of 7630?
3
What is the hundreds digit of 7113535?
5
What is the thousands digit of 12982106?
2
What is the ten millions digit of 28764866?
2
What is the thousands digit of 96263?
6
What is the thousands digit of 13012167?
2
What is the thousands digit of 103466?
3
What is the hundred thousands digit of 469278?
4
What is the tens digit of 7237695?
9
What is the hundred thousands digit of 4169137?
1
What is the units digit of 74940?
0
What is the thousands digit of 2302711?
2
What is the ten thousands digit of 31424?
3
What is the ten thousands digit of 8748215?
4
What is the millions digit of 12343603?
2
What is the thousands digit of 1089832?
9
What is the units digit of 491898?
8
What is the tens digit of 216697?
9
What is the thousands digit of 327528?
7
What is the units digit of 6813479?
9
What is the tens digit of 1089807?
0
What is the hundred thousands digit of 469446?
4
What is the ten millions digit of 10622907?
1
What is the millions digit of 5492192?
5
What is the hundred thousands digit of 20089792?
0
What is the ten thousands digit of 6022015?
2
What is the hundred thousands digit of 8632058?
6
What is the hundreds digit of 191340?
3
What is the hundred thousands digit of 183834?
1
What is the ten thousands digit of 2518170?
1
What is the units digit of 102204?
4
What is the hundred thousands digit of 459040?
4
What is the ten thousands digit of 1488555?
8
What is the tens digit of 239070?
7
What is the thousands digit of 4973960?
3
What is the ten thousands digit of 1260336?
6
What is the units digit of 2084992?
2
What is the units digit of 4944224?
4
What is the thousands digit of 1449777?
9
What is the units digit of 275121?
1
What is the millions digit of 1296287?
1
What is the thousands digit of 953602?
3
What is the units digit of 529901?
1
What is the thousands digit of 1484222?
4
What is the units digit of 3465414?
4
What is the thousands digit of 661965?
1
What is the hundreds digit of 17386642?
6
What is the hundred thousands digit of 337052?
3
What is the tens digit of 708931?
3
What is the millions digit of 5709787?
5
What is the ten thousands digit of 28288743?
8
What is the ten thousands digit of 478024?
7
What is the hundred thousands digit of 972266?
9
What is the thousands digit of 959064?
9
What is the hundred thousands digit of 1878535?
8
What is the millions digit of 4712567?
4
What is the units digit of 762054?
4
What is the tens digit of 322013?
1
What is the tens digit of 265483?
8
What is the hundred thousands digit of 503533?
5
What is the hundreds digit of 213112?
1
What is the ten thousands digit of 9902120?
0
What is the millions digit of 8785718?
8
What is the units digit of 2460041?
1
What is the ten thousands digit of 653119?
5
What is the thousands digit of 85198?
5
What is the thousands digit of 307254?
7
What is the ten thousands digit of 3025444?
2
What is the thousands digit of 26929258?
9
What is the millions digit of 20884777?
0
What is the ten thousands digit of 237473?
3
What is the ten thousands digit of 5477166?
7
What is the thousands digit of 3550222?
0
What is the millions digit of 4363750?
4
What is the ten thousands digit of 17860559?
6
What is the hundred thousands digit of 136674?
1
What is the tens digit of 8214328?
2
What is the units digit of 3214504?
4
What is the ten thousands digit of 35525049?
2
What is the hundred thousands digit of 271073?
2
What is the ten thousands digit of 339417?
3
What is the hundreds digit of 3507864?
8
What is the hundred thousands digit of 11711608?
7
What is the ten thousands digit of 582204?
8
What is the thousands digit of 787194?
7
What is the hundred thousands digit of 989179?
9
What is the hundred thousands digit of 3447892?
4
What is the hundred thousands digit of 126221?
1
What is the hundreds digit of 74147?
1
What is the units digit of 2532909?
9
What is the tens digit of 183976?
7
What is the hundreds digit of 293338?
3
What is the units digit of 808689?
9
What is the ten thousands dig